0 + 110431. Determine m(20).
11
Suppose g - 7 = 5*o - 61, -5*g - 46 = 3*o. Let a(t) = -t**2 - 11*t - 21. Calculate a(g).
-63
Let f(q) be the first derivative of 4*q + 1/2*q**2 - 7/3*q**3 - 60 - 1/4*q**4. Let z be (-46)/6 + (-2)/(-3). Give f(z).
-3
Suppose 4*l = 5*a + 255, 2*a - 145 = -5*l + 149. Suppose -15*d = -5*d - l. Let v(x) = -x**3 + 6*x**2 + x + 4. Calculate v(d).
10
Let y = -2578 + 10313/4. Let t(x) be the first derivative of -x**2 - 9 + 1/3*x**3 - y*x**4 - x. What is t(2)?
-9
Suppose 0 = -9*g - 4 + 13 - 0. Let v(s) = -3*s + 7. What is v(g)?
4
Let k(u) = -u**2 + 7*u - 7. Let p = -97 - -113. Suppose -p*v = -0 - 96. What is k(v)?
-1
Suppose -t + 600 = 24*t. Let r be (6/t)/(-1 + 5/4). Let z(g) = -5*g**3 - g**2. What is z(r)?
-6
Let b = -5730 + 5734. Suppose -3*a + 3*o + 62 = -109, -5*o - 108 = -2*a. Let p(x) = 58*x - a*x - b - 2. Calculate p(-6).
0
Let b(p) be the first derivative of -2*p**3/3 - 4*p**2 + 12*p + 983. What is b(-7)?
-30
Let z(l) = l**2 + 2*l + 1. Let d(m) = 3*m**3 - 14*m - 2*m**3 + 12*m + 4*m**2 - 2 + 7*m**3. Let h be d(-1). Calculate z(h).
9
Let l(t) be the third derivative of 13*t**4/12 + t**2. Suppose 0 = 43*r - 29*r + 14. Calculate l(r).
-26
Let k(y) = 9*y + 15. Suppose 4*u = 3*c - 38, -7*u + 4*c = -10*u - 16. Calculate k(u).
-57
Let p(i) = -i - 9. Suppose -12*j = -8*j + 4*v + 1896, 0 = 2*v. Let b = 467 + j. Determine p(b).
-2
Let g = 9022 - 9033. Let o(w) = 3*w + 6. Calculate o(g).
-27
Let i(d) = 40*d + 483. Suppose 5*z - 7*v = 6*z + 68, 0 = -4*z - 4*v - 80. Determine i(z).
3
Let k(t) = -22*t**2 + 527*t + 27. Let r be k(24). Let v(p) = 2*p**3 - 6*p**2 + p - 1. Calculate v(r).
2
Let l(y) = y - 1. Let v(d) be the first derivative of -d**3/3 - 9*d**2/2 + 5*d + 5. Let k be (-54)/27 - (1 + -3 - -10). Let m be v(k). Give l(m).
-6
Let w(f) = 27*f + 10. Suppose 44 = -7*d - 4*d, 3*h + 4*d = -16. Calculate w(h).
10
Let t = 10 + -6. Let j be t/(-6) + 15/9. Let v(b) = 25*b**2 + 25*b**2 + 8*b**2 - 43*b**2. Calculate v(j).
15
Let j = 1013 - 722. Let g = j + -304. Let q(n) = -n**2 - 16*n - 16. Calculate q(g).
23
Let v(a) = -46*a + 9210. Let n(o) = -5*o + 987. Let q(g) = -28*n(g) + 3*v(g). Let b = 0 + 5. Determine q(b).
4
Let h = -642 - -646. Let l(c) = 2*c. Let k(f) = -19*f - 2. Let g(z) = -2*k(z) - 22*l(z). Let u(q) = 7*q - 4. Let j(r) = h*g(r) + 3*u(r). Calculate j(5).
-11
Suppose -4*d + 8 = -2*d. Let p(g) = 11*g**2 + d*g**2 - 14*g**2 + 1. Let j = 85 - 87. Give p(j).
5
Suppose -3*w - 9 = 5*d - 105, -5*w = -9*d + 100. Let u(n) = -7*n**2 + 106*n - 15. What is u(d)?
0
Let c be -6 - -9 - 172/(-2). Suppose -c = -10*a + 21. Let x(l) = 2*l - l**2 + 12 + 10*l - 2*l. Determine x(a).
1
Let y(w) = 2*w**3 + 101*w**2 - 49*w + 110. Let l be y(-51). Let k(o) = 56*o**2 - l + 10 + 11*o + 16 - 55*o**2 - 1. Calculate k(-9).
-1
Suppose 3*g - g = 3*k - 16, 2*g + 4*k = 12. Let i(b) be the second derivative of -3 - 3/2*b**2 + 3*b - 7/6*b**3. Give i(g).
11
Let b be 0 + 3 + 0 + -6. Let c(o) = 4*o + o**2 - 243 + 477 - 235. Give c(b).
-4
Suppose 3*m + 7*v - 2*v - 190 = 0, -2*v = -4. Suppose -2*h + 58 - m = 0. Let j(y) = -10*y**3 + 1. Determine j(h).
11
Let k be 10 - 2 - 48/8. Suppose 2*o - 5*o = -4*t + 2, -17 = -k*o - t. Let w(q) = -q - 3. Give w(o).
-9
Let q(y) = -2*y**2 + 62*y - 275. Let m be q(26). Let w(a) = -a**2 - 18*a - 41. What is w(m)?
4
Let r(g) = -5*g + 20. Let a(m) = -m**3 - 5*m**2 - 23*m - 67. Let o be a(-4). Calculate r(o).
-25
Let x(q) = 3*q**3 - 3*q**2 + 4*q + 2. Let k(p) = 5*p**3 + p - 5. Let l(y) = -k(y) + x(y). Calculate l(-2).
5
Let z(u) be the third derivative of -u**7/840 - u**6/60 - u**5/20 - u**4/8 + 13*u**3/6 + 22*u**2 - u. Let r(p) be the first derivative of z(p). Calculate r(-4).
-11
Let c(d) = d**3 - 78 + 9849*d**2 - 29477*d**2 + 9829*d**2 - 3*d + 9828*d**2. What is c(-29)?
9
Let n be ((-2)/3)/((-6)/45). Let l(u) = 17*u**2 - 14*u + 26. Let g(q) = -5*q**2 + 5*q - 8. Let z(j) = 7*g(j) + 2*l(j). Give z(n).
6
Let z(h) = -h + 6. Let k be z(0). Let a(u) be the second derivative of -u**3/6 + u**2/2 - 364*u + 2. Give a(k).
-5
Suppose -2909 = -12*z + 2731. Suppose -z = -6*h - 482. Let v(g) = 4*g**3 - 2*g**2 - 2*g - 1. Give v(h).
-37
Let c(h) = -32*h + 248. Let w be c(-6). Let m = 439 - w. Let z(d) = d**3 + 2*d**2 + d. Determine z(m).
0
Let k(z) be the third derivative of -1/12*z**4 + z**2 + 0 + 0*z + 1/6*z**3 + 1/60*z**5. Let j = 24757 - 24755. Determine k(j).
1
Let d(t) = 26*t**3 - t**2 + 46*t - 70. Let y(n) = 15*n**3 - n**2 + 24*n - 35. Let x(u) = -4*d(u) + 7*y(u). Give x(5).
5
Let b(r) = -2*r + 5*r + 0*r + 0*r. Let a(w) = w**2 - 1042*w + 28394. Let h be a(28). Determine b(h).
6
Let n(w) be the third derivative of w**7/840 - w**6/360 + 13*w**4/8 - 26*w**3 - 87*w**2. Let m(x) be the first derivative of n(x). Give m(0).
39
Let v(p) = -7*p - 5. Suppose -3*f = 25*g - 30*g - 13, 2*f + 3 = g. What is v(f)?
23
Suppose 0 = 11*s - 38 + 5. Let a(u) = -16*u + 44. Let p be a(s). Let q(z) be the third derivative of z**4/24 + z**3/2 + 5*z**2. What is q(p)?
-1
Let y(t) = -20*t**2 + 338*t + 28. Suppose -297*v - 178*v + 2460 = -5615. What is y(v)?
-6
Suppose -18*o - 2*o + 80 = -10*o. Let r(d) = 3*d**2 - 18*d - 39. Calculate r(o).
9
Let s(a) be the third derivative of a**7/84 + a**6/360 + a**3/3 + a**2. Let d(x) be the first derivative of s(x). Suppose 9 = 51*t - 42*t. What is d(t)?
11
Let w(x) = 4 + 3*x**2 + 4*x + 3*x**2 - 5*x**2 + 0*x. Let h(t) = t**2 - 28*t - 64. Let r be h(-2). Calculate w(r).
4
Let x be (88/12 + -7)*9. Suppose t + 3*i - 4*i = 2, 0 = -x*t + i - 2. Let c(g) = g**3 - g**2 + 2. Determine c(t).
-10
Let y(x) = -x**3 + 6*x**2 + 7. Let s(t) = t**3 - 9*t**2 + 14*t + 6. Let b(p) = -p**2 - 4*p + 39. Let h be b(4). Let q be s(h). Give y(q).
7
Let p(w) = w**2 - 10*w - 13. Suppose -360*c - 140 = -374*c. What is p(c)?
-13
Let d(s) be the second derivative of -s**3/6 - s**2 + 684*s. Give d(-4).
2
Let v(s) = -s**2 - 10*s + 17. Let y(z) = -z**3 - 3*z**2 - 24*z - 123. Let l be y(-4). Calculate v(l).
6
Let z = 342 - 336. Let y be (28 - 4)*z/(-18). Let t(k) = -3*k**2 + 0*k**2 - 8*k + 2*k**2 + 2. Calculate t(y).
2
Let p(c) be the first derivative of 16/3*c**3 + 12 + 0*c**2 + 1/360*c**6 + 0*c + 1/12*c**4 + 0*c**5. Let t(i) be the third derivative of p(i). What is t(4)?
18
Let h be 3/7 + 4048/28. Let s(y) = 2 - h*y - 153*y + 297*y. What is s(6)?
-4
Let w(k) = 58*k + k**2 - 21*k + 0*k**2 - 107 - 28*k - 6. Calculate w(-16).
-1
Let c(k) = -k**3 + 45*k**2 + 2*k - 88. Let y = 34343 - 34298. Determine c(y).
2
Let d(p) = -6*p**2 - p + 2. Let s = 375 - 373. Suppose -5*l + 2*v = 4, -s*l + 15*v - 13 = 18*v. Give d(l).
-20
Let w(m) = -16*m - 3*m**2 - 13 - 10*m**2 + 9*m**2 + 14*m - m**3. Determine w(-4).
-5
Let q(h) = h**2 + 18*h - 34. Let c be q(-19). Let z(r) = 2*r + 34. Let w be z(c). Let m(i) = -3 + 2 + 7*i**2 - 2 + w. What is m(-1)?
8
Let t(u) = 6*u + 1. Let f(q) = -5*q - 126. Let c be f(-28). Suppose -3 + c = 11*l. Calculate t(l).
7
Let s(g) = 12*g**2 - 519*g + 2. Let c(q) = q**2 - 86*q. Let z(r) = 6*c(r) - s(r). Suppose 0 = -4*i - 5*n + 14, 4*i = -n - 2*n + 10. What is z(i)?
-5
Let u(m) = -53*m**3 + 3*m**2 - 38*m**3 + 88*m**3 - 2 - 31*m**3. What is u(-1)?
35
Let j(g) = -2*g + 19. Let h = -4 - -10. Let o be j(h). Let z(k) = -25*k - 6 + o*k + k**2 + 11*k. Determine z(7).
-6
Let f = -3802 + 3779. Let q(w) = w**2 + 22*w - 28. Calculate q(f).
-5
Let f(y) = y**2 - 4. Suppose 11*h - 32 = -5*h. Let r be (-10 + (-3 - (-14)/2))/h. Give f(r).
5
Let q be 327/6 + (-11)/(-22). Let x = q - 53. Let p(v) = -2*v + 30*v**2 - 2 - 18*v**2 - 15*v**x. Give p(-2).
-10
Let c be 4538/(-12) - 5/(-28 - 2). Let r = -380 - c. Let l(b) = 5*b - 1. Calculate l(r).
-11
Let f(z) = -z**3 - 10*z**2 - 6*z + 5. Suppose 36133 = 10*i + 36223. Determine f(i).
-22
Let g(f) = -f**2 + 5*f + 3. Let y(v) = -2*v**2 + 25*v - 2. Let j be y(12). Let s be (j/2 - -2)/1. Calculate g(s).
-11
Let w = -8585 - -8577. Let u(j) = -j**3 - 8*j**2 - 2*j + 4. What is u(w)?
20
Suppose 20 = -5*o, -3*o + 576 = 5*r - 137. Let g = r + -140. Let y(c) = -c + 10. Calculate y(g).
5
Let f(j) = 26*j**3 - 2*j**2 + j + 2. Let c = 21317 + -21318. What is f(c)?
-27
Let v(f) be the first derivative of -f**3/3 - 9*f**2/2 + 4*f + 267. What is v(-10)?
-6
Suppose -12*r + 4 = -10*r. Let g(u) = u + 4*u - 4*u + 2*u**r. Give g(2).
10
Let k be 